tens digit of u(-7)?
2
Let b(u) = -u**2 - 10*u - 4. Let i be b(-9). Let v be (-9 + 10)*i*1. Suppose -5 - v = -w. What is the tens digit of w?
1
Let r(p) = 20*p**2 - 23*p + 8. Let m be r(5). Let l = -231 + m. What is the units digit of l?
2
Suppose 10 = 6*c - 4*c, -1569 = -4*w - 5*c. What is the hundreds digit of w?
3
Let d(g) = 109*g**3 + 7*g**2 - 11*g + 9. Let j(y) = 55*y**3 + 4*y**2 - 6*y + 5. Let w(a) = 4*d(a) - 7*j(a). What is the tens digit of w(1)?
5
Let i = 13 - 11. Suppose -8 = y + 3*n, i*y + y + 2*n = 4. Suppose y*u - 26 = 3*u. What is the units digit of u?
6
Let a be 4/(-8) - 11/(-2). Suppose 16 = a*f - f. Suppose 0 = -i + f + 25. What is the tens digit of i?
2
Suppose -6 = 2*p + 166. Let f = p + 122. Suppose -2*t - 2*t = -5*w + 91, -2*w + 2*t = -f. What is the tens digit of w?
1
Let w be (93/(-6) - -4)*6. Let c = w - -118. What is the units digit of c?
9
What is the hundreds digit of 4/38 + (-3)/114*-49472?
3
Let n be (-20)/(-7)*28/8. Suppose i = -i + n. Suppose 0 = i*b - 47 - 13. What is the tens digit of b?
1
Let z(v) = v - 21. Let f be z(11). Let o = f - -3. Let c = o - -9. What is the units digit of c?
2
What is the units digit of (8 - (-2011 - -3)) + 6?
2
Let v = 610 - 177. What is the tens digit of v?
3
What is the hundreds digit of -1 + 9/7 + (-89331)/(-231)?
3
Let q = 5347 - 3607. What is the units digit of q?
0
Let w(x) = -2*x**2 + 15*x - 22. Let f = -18 + 28. Let s be w(f). Let l = 131 + s. What is the tens digit of l?
5
What is the units digit of (-71 + 0)/((-1401)/(-78) - 18)?
6
Suppose -2*k + 4*p = 7*p - 1887, -2*p - 2837 = -3*k. What is the hundreds digit of k?
9
Let q = -4 + 8. Suppose -x = q*c - 58, -2 = 3*c - 5*x - 57. What is the tens digit of c?
1
Let n(h) = 4*h**2 - 15*h + 1808. What is the thousands digit of n(0)?
1
Let m(s) = 7*s**2 + 3*s + 37. Let k(z) = -10*z**2 - 4*z - 55. Let v(y) = -5*k(y) - 7*m(y). Let j be (0*1/(-2))/2. What is the units digit of v(j)?
6
Let b = 1324 + -789. What is the hundreds digit of b?
5
Let g(v) = v**2 + 9*v + 8. Let a(w) = 6 + 2*w + 3*w**2 - 5*w**2 + w**2. Let z be a(5). What is the units digit of g(z)?
8
Let r be (-22)/(-10) - 4/20. Suppose r*m - 8 = -0*m. Suppose m*b = o + 81 + 63, 3*b + 4*o = 89. What is the tens digit of b?
3
What is the tens digit of -31 - -28 - 3*-263?
8
Let c be ((-2)/((-8)/12))/1. Let t be -9 - 0*c/6. Let v(l) = l**2 + 4*l - 20. What is the tens digit of v(t)?
2
Let y = 10 - -822. What is the tens digit of y?
3
Let b(h) = 5*h**3 - 38*h**2 + 147*h - 6. What is the thousands digit of b(11)?
3
Suppose 5 = -g + 7. Suppose 80 = a + o, 4*o = g*a - o - 174. What is the units digit of a?
2
Suppose -2 = -2*g + 2. Suppose g*u - 23 = -3*m - 5, -4*u - 2*m = -36. Suppose -4*b + 51 = -u. What is the tens digit of b?
1
Let c = 99 - 32. Let s = -47 + c. What is the tens digit of s?
2
Let w(r) = r**2 - 6*r - 13. Let t be w(7). What is the tens digit of t*(-3 - (-10)/(-3))?
3
Suppose -5*j + 20 = -4*o - j, -o - 4 = -2*j. What is the units digit of 56/o*(-30)/4?
0
Let p be (-12066)/(-60) - (-3)/(-30). Suppose s = 3*u + 177, -5*s + 6*s + 3*u - p = 0. What is the units digit of s?
9
Let j(a) = 12*a - 19 + 15 - 9. What is the units digit of j(8)?
3
Suppose l - 8 = -2*z, 2*l + 23 = 3*l + 5*z. Let c be (l + 0)*(-40)/5. Suppose 2*s - 3*w + c - 66 = 0, -3*s + 5*w + 77 = 0. What is the units digit of s?
9
Suppose 3*h + 2*h - 2266 = -4*w, w + 2271 = 5*h. Suppose 2*d - 151 = -l, 3*d - h = -3*l - 2*d. What is the units digit of l?
3
Let j(f) = 778*f**2 - 6*f + 1. What is the units digit of j(1)?
3
Let x be (-48)/30*(-105)/14. Suppose 3*l - 19 = 8. Let q = l + x. What is the tens digit of q?
2
Suppose 2*w - 2*q - 140 = -4*q, -q + 214 = 3*w. Suppose -4*c - 70 = -r - 6*c, r - w = -4*c. What is the tens digit of r?
6
Let a = 173 - 18. Suppose 6*m - 301 = a. Let x = -8 + m. What is the units digit of x?
8
What is the units digit of 7 - 8 - (-9 - -1)?
7
Let c(y) = -23*y + 11. Let i be c(-1). Let o(v) = 8*v. Let w be o(6). Let n = w - i. What is the tens digit of n?
1
Let r(x) = -x**3 - 4*x**2 - 3*x - 8. Let o be r(-4). What is the tens digit of ((-9)/o)/(-3 + (-359)/(-120))?
7
Let b be 3*(12/(-4) + 2). Let w be 5/15 + 55/b. Let n = w - -51. What is the units digit of n?
3
Let b be (4 + 1 - 5)*1. Suppose b*o - k = 5*o - 460, 5*o - 480 = 3*k. What is the units digit of o?
3
Let y(n) = 58*n**2 + 4*n + 5. What is the units digit of y(2)?
5
Suppose 2*m - 263 = 3*w, -119 = -m - 0*m - w. Suppose 6*n = 4*n + m. What is the units digit of n?
2
Suppose 5*p - 2915 = -2*g, -15*p = -16*p - 6*g + 583. What is the units digit of p?
3
Suppose 8*r - 5*r + 1770 = 3*x, 0 = -4*x + r + 2348. What is the units digit of x?
6
Suppose 2*k = 4*u - 522, 2*u + 2*k - 248 = 16. Suppose 4*f - u = -3*l, -4*l - l + 241 = f. What is the units digit of l?
9
Let z be 2/(-6) - (-47)/(-3). Let r(k) = -k**3 + 13*k**2 - 26*k - 14. Let g be r(10). Let u = z + g. What is the units digit of u?
0
Suppose 7*c - 6*c - l - 80 = 0, 0 = -5*l - 10. What is the tens digit of c?
7
Let r be 3 + 2/2 + 0. Suppose n + r*v - v - 13 = 0, 0 = 4*n - v - 39. Let l(g) = g. What is the tens digit of l(n)?
1
Let i(w) = -w**3 + 7*w**2 - w + 10. Suppose 0 = 5*v + 1 - 36. Let x be i(v). Suppose 0*u + x*u = 69. What is the tens digit of u?
2
Let y(q) = q**3 + 21*q**2 + 19*q - 9. Let c be y(-20). Let o(l) = -3*l + 2. Let h be o(-2). Let w = c - h. What is the units digit of w?
3
Suppose 4*l - 283 = -3*d, 0*l - 170 = -2*d + 2*l. Let j = d + -74. What is the units digit of j?
5
Let j = -1895 + 3476. What is the hundreds digit of j?
5
Suppose 0 = 3*a - 5*a + 6. Let l = a + 26. Suppose 2*b + r - 37 = -b, -b = -3*r - l. What is the tens digit of b?
1
Suppose 28 = 3*j + 4*q, 0*q + 3*q = 12. Suppose 0 = j*v - 20, -2*v + 0*v + 96 = g. Suppose -5*a = -4*i - g, -2*a - 4*i = -9 - 3. What is the tens digit of a?
1
Suppose j + 5*a = 414, 5*j - 2047 = 42*a - 44*a. What is the units digit of j?
9
Let p be 14/49 - (-206)/14. What is the units digit of ((-10)/p)/(1/(-123))?
2
Let r(u) = 3*u**2 + 6*u + 2. Let q be r(-4). Let i = 59 - q. What is the tens digit of i?
3
Let x be 0*(0 - 3 - -2). Suppose 4*p - 3*v - 83 = 0, x*p + 5*v = 3*p - 54. What is the tens digit of p?
2
Let k = 42 - 24. Let i(w) = 4*w + 3. What is the tens digit of i(k)?
7
What is the hundreds digit of 30/5 + (944 - 0)?
9
Let d = 8 + 241. Suppose -d = s - 843. What is the tens digit of ((-2)/6)/((-6)/s)?
3
Suppose 4*y + 458 = -5*l + 2661, 2*l + 5*y = 871. What is the hundreds digit of l?
4
Let s be 4*3/(-6) - 3/3. What is the units digit of (230 - (s + 3 - 0))/1?
0
Suppose 211 = 3*l - 65. Let m = l - 43. What is the tens digit of m?
4
Let v(x) = -9*x - 13 + 3*x - 12*x - 2. What is the tens digit of v(-4)?
5
Let b = -543 + 797. What is the tens digit of b?
5
Let v = -105 + 109. Suppose -4*l - 38 = 2*n, 2*n + 12 = 2. What is the tens digit of l/(28/(-208)) - v?
4
Suppose 2*i + 5*d - 33 = 0, 5*i = -3*d + 8*d - 5. Suppose i*f - 16 = -4*y, 0 = -4*y - 0*f - f + 10. What is the units digit of -3*((y - 3) + -1)?
6
Suppose -3322 = -12*c + 290. What is the tens digit of c?
0
Let i = 1963 + -950. What is the tens digit of i?
1
Let f be 0 + (-17 - 3 - -4). What is the hundreds digit of 16/3*(-408)/f?
1
Let o(q) = -477*q - 536. What is the units digit of o(-5)?
9
Let s = 488 + -175. What is the hundreds digit of s?
3
Let q be -4 + (-2 + -7)/(-1). Suppose 0 = 4*b + 20, 3*b - 510 = 2*i - q*i. What is the tens digit of i?
7
Let u = 10 - 2. What is the units digit of (u/(-10))/(2/(-10))?
4
Suppose -3*q + 1281 = 4*u, -5*u + 18*q - 22*q + 1600 = 0. What is the hundreds digit of u?
3
Suppose -25*b - 4046 = -61421. What is the hundreds digit of b?
2
Let y(s) = s**3 - 7*s**2 + 9*s - 16. Let g be ((-14)/(-5))/((-8)/(-20)). What is the units digit of y(g)?
7
Let m = -64 - -68. Suppose 90 = v + w, 6*w + 332 = m*v + 3*w. What is the units digit of v?
6
Let b(f) = -7*f - 11*f - 7 + 4*f**2 - 3*f**2 + 0*f**2. Let w be b(19). Suppose -w - 40 = -r. What is the units digit of r?
2
Suppose 15*p - 51311 = 42544. What is the hundreds digit of p?
2
Suppose t - 5*i - 87 = 0, -5*i + 585 = 3*t + 2*t. Let n = t + 1. What is the tens digit of n?
1
Let r(h) = -h**3 - 3*h**2 + h - 5. Let p be r(-4). Let o(n) = n**3 - 8*n**2 + 7*n + 4. Let m be o(p